 prime factors of 22751?
22751
What are the prime factors of 17850?
2, 3, 5, 7, 17
What are the prime factors of 583?
11, 53
List the prime factors of 5845.
5, 7, 167
List the prime factors of 3480.
2, 3, 5, 29
List the prime factors of 5373.
3, 199
List the prime factors of 7047.
3, 29
List the prime factors of 3386.
2, 1693
List the prime factors of 3894.
2, 3, 11, 59
What are the prime factors of 21147?
3, 7, 19, 53
What are the prime factors of 71647?
71647
What are the prime factors of 3283?
7, 67
List the prime factors of 46645.
5, 19, 491
What are the prime factors of 1351?
7, 193
What are the prime factors of 72624?
2, 3, 17, 89
List the prime factors of 28967.
83, 349
List the prime factors of 20075.
5, 11, 73
What are the prime factors of 884?
2, 13, 17
What are the prime factors of 82?
2, 41
List the prime factors of 6371.
23, 277
List the prime factors of 39019.
39019
What are the prime factors of 1617?
3, 7, 11
List the prime factors of 96550.
2, 5, 1931
What are the prime factors of 59742?
2, 3, 3319
List the prime factors of 8435.
5, 7, 241
List the prime factors of 112932.
2, 3, 3137
List the prime factors of 9458.
2, 4729
List the prime factors of 43477.
7, 6211
List the prime factors of 62999.
73, 863
What are the prime factors of 12315?
3, 5, 821
List the prime factors of 387.
3, 43
List the prime factors of 9406.
2, 4703
List the prime factors of 174.
2, 3, 29
List the prime factors of 629.
17, 37
What are the prime factors of 5554?
2, 2777
What are the prime factors of 16020?
2, 3, 5, 89
List the prime factors of 89855.
5, 17971
List the prime factors of 3596.
2, 29, 31
What are the prime factors of 2503?
2503
List the prime factors of 5131.
7, 733
What are the prime factors of 18306?
2, 3, 113
List the prime factors of 3303.
3, 367
What are the prime factors of 29?
29
What are the prime factors of 1931?
1931
List the prime factors of 156.
2, 3, 13
List the prime factors of 42015.
3, 5, 2801
List the prime factors of 5015.
5, 17, 59
List the prime factors of 1326.
2, 3, 13, 17
List the prime factors of 33516.
2, 3, 7, 19
List the prime factors of 162239.
7, 11, 43
List the prime factors of 20346.
2, 3, 3391
What are the prime factors of 5833?
19, 307
List the prime factors of 3833.
3833
List the prime factors of 10742.
2, 41, 131
What are the prime factors of 22519?
7, 3217
What are the prime factors of 1240?
2, 5, 31
What are the prime factors of 1983?
3, 661
What are the prime factors of 2081?
2081
List the prime factors of 104156.
2, 13, 2003
List the prime factors of 19416.
2, 3, 809
List the prime factors of 14858.
2, 17, 19, 23
List the prime factors of 129054.
2, 3, 137, 157
What are the prime factors of 7048?
2, 881
What are the prime factors of 3748?
2, 937
What are the prime factors of 97924?
2, 24481
What are the prime factors of 19272?
2, 3, 11, 73
What are the prime factors of 2066?
2, 1033
What are the prime factors of 583?
11, 53
What are the prime factors of 8915?
5, 1783
What are the prime factors of 36961?
23, 1607
What are the prime factors of 1099?
7, 157
What are the prime factors of 4391?
4391
What are the prime factors of 11292?
2, 3, 941
What are the prime factors of 6224?
2, 389
What are the prime factors of 995?
5, 199
What are the prime factors of 1217?
1217
List the prime factors of 2587.
13, 199
List the prime factors of 84937.
157, 541
List the prime factors of 647.
647
What are the prime factors of 7182?
2, 3, 7, 19
What are the prime factors of 5226?
2, 3, 13, 67
List the prime factors of 5838.
2, 3, 7, 139
List the prime factors of 19475.
5, 19, 41
List the prime factors of 23759.
23, 1033
List the prime factors of 10507.
7, 19, 79
List the prime factors of 4431.
3, 7, 211
List the prime factors of 101.
101
List the prime factors of 68292.
2, 3, 7, 271
List the prime factors of 905.
5, 181
What are the prime factors of 7587?
3, 281
List the prime factors of 239.
239
What are the prime factors of 58682?
2, 13, 37, 61
What are the prime factors of 66323?
29, 2287
List the prime factors of 1603.
7, 229
List the prime factors of 2135.
5, 7, 61
List the prime factors of 182092.
2, 45523
What are the prime factors of 2799?
3, 311
List the prime factors of 45895.
5, 67, 137
List the prime factors of 17371.
29, 599
What are the prime factors of 1195?
5, 239
List the prime factors of 29727.
3, 367
List the prime factors of 2034.
2, 3, 113
List the prime factors of 21827.
13, 23, 73
What are the prime factors of 20094?
2, 3, 17, 197
What are the prime factors of 23459?
23459
List the prime factors of 129390.
2, 3, 5, 19, 227
List the prime factors of 43299.
3, 17, 283
List the prime factors of 21212.
2, 5303
List the prime factors of 43023.
3, 14341
What are the prime factors of 847?
7, 11
List the prime factors of 7435.
5, 1487
List the prime factors of 3753.
3, 139
List the prime factors of 4037.
11, 367
What are the prime factors of 8691?
3, 2897
What are the prime factors of 29671?
29671
What are the prime factors of 5405?
5, 23, 47
What are the prime factors of 1609?
1609
What are the prime factors of 10466?
2, 5233
List the prime factors of 133024.
2, 4157
What are the prime factors of 20434?
2, 17, 601
List the prime factors of 628.
2, 157
What are the prime factors of 43596?
2, 3, 7, 173
What are the prime factors of 16059?
3, 53, 101
What are the prime factors of 19858?
2, 9929
What are the prime factors of 3933?
3, 19, 23
List the prime factors of 3206.
2, 7, 229
List the prime factors of 44778.
2, 3, 17, 439
What are the prime factors of 41519?
41519
What are the prime factors of 9750?
2, 3, 5, 13
What are the prime factors of 1905?
3, 5, 127
List the prime factors of 13900.
2, 5, 139
List the prime factors of 691.
691
What are the prime factors of 75658?
2, 11, 19, 181
List the prime factors of 841.
29
What are the prime factors of 1390?
2, 5, 139
What are the prime factors of 984?
2, 3, 41
What are the prime factors of 3200?
2, 5
What are the prime factors of 182?
2, 7, 13
List the prime factors of 3303.
3, 367
What are the prime factors of 23774?
2, 11887
What are the prime factors of 29706?
2, 3, 4951
What are the prime factors of 4929?
3, 31, 53
What are the prime factors of 11872?
2, 7, 53
List the prime factors of 35513.
17, 2089
What are the prime factors of 1045?
5, 11, 19
List the prime factors of 11013.
3, 3671
What are the prime factors of 10972?
2, 13, 211
What are the prime factors of 7467?
3, 19, 131
What are the prime factors of 5803?
7, 829
List the prime factors of 26490.
2, 3, 5, 883
What are the prime factors of 53823?
3, 7, 11, 233
List the prime factors of 34854.
2, 3, 37, 157
What are the prime factors of 599?
599
List the prime factors of 74408.
2, 71, 131
List the prime factors of 2132.
2, 13, 41
What are the prime factors of 18525?
3, 5, 13, 19
What are the prime factors of 1503?
3, 167
List the prime factors of 8602.
2, 11, 17, 23
What are the prime factors of 3770?
2, 5, 13, 29
List the prime factors of 194.
2, 97
List the prime factors of 73704.
2, 3, 37, 83
List the prime factors of 3188.
2, 797
What are the prime factors of 1813?
7, 37
List the prime factors of 1281.
3, 7, 61
What are the prime factors of 2721?
3, 907
What are the prime factors of 10942?
2, 5471
List the prime factors of 581.
7, 83
What are the prime factors of 1622?
2, 811
List the prime factors of 24895.
5, 13, 383
What are the prime factors of 18849?
3, 61, 103
List the prime factors of 4493.
4493
What are the prime factors of 12637?
12637
List the prime factors of 1731.
3, 577
List the prime factors of 3794.
2, 7, 271
What are the prime factors of 1747?
1747
What are the prime factors of 6693?
3, 23, 97
What are the prime factors of 2744?
2, 7
What are the prime factors of 399?
3, 7, 19
What are the prime factors of 4186?
2, 7, 13, 23
What are the prime factors of 340?
2, 5, 17
What are the prime factors of 2263?
31, 73
List the prime factors of 77587.
77587
List the prime factors of 14312.
2, 1789
List the prime factors of 867.
3, 17
List the prime factors of 649.
11, 59
What are the prime factors of 8397?
3, 311
List the prime factors of 4751.
4751
What are the prime factors of 34584?
2, 3, 11, 131
List the prime factors of 446.
2, 223
List the prime factors of 15411.
3, 11, 467
Li